dred thousands digit of 47312568?
3
What is the thousands digit of 1374710168?
0
What is the ten millions digit of 5229282493?
2
What is the hundreds digit of 4248507989?
9
What is the units digit of 36039209?
9
What is the thousands digit of 2441615919?
5
What is the hundred millions digit of 125705958?
1
What is the tens digit of 21502267?
6
What is the millions digit of 2214892905?
4
What is the thousands digit of 55199716?
9
What is the ten millions digit of 295593657?
9
What is the ten thousands digit of 58233889?
3
What is the thousands digit of 32870203?
0
What is the units digit of 2039049196?
6
What is the ten thousands digit of 21920552?
2
What is the tens digit of 1505177842?
4
What is the tens digit of 12792144?
4
What is the hundred thousands digit of 61647853?
6
What is the tens digit of 462165214?
1
What is the tens digit of 20186939?
3
What is the millions digit of 112891195?
2
What is the hundred thousands digit of 1105652320?
6
What is the hundred thousands digit of 1978829218?
8
What is the tens digit of 532603916?
1
What is the hundred millions digit of 822070145?
8
What is the hundreds digit of 380810730?
7
What is the tens digit of 38734185?
8
What is the ten millions digit of 1764736018?
6
What is the tens digit of 1056652511?
1
What is the hundred thousands digit of 25269468?
2
What is the ten thousands digit of 329721949?
2
What is the hundred thousands digit of 3616196901?
1
What is the billions digit of 1053236368?
1
What is the ten millions digit of 1176457314?
7
What is the tens digit of 50376175?
7
What is the ten millions digit of 1345266465?
4
What is the billions digit of 3280402910?
3
What is the thousands digit of 247636630?
6
What is the thousands digit of 317169929?
9
What is the tens digit of 7440340188?
8
What is the millions digit of 213860847?
3
What is the thousands digit of 1887293320?
3
What is the tens digit of 759081821?
2
What is the ten thousands digit of 49833491?
3
What is the hundreds digit of 77132478?
4
What is the millions digit of 46963872?
6
What is the millions digit of 3677111491?
7
What is the units digit of 19425545?
5
What is the thousands digit of 944956497?
6
What is the hundred millions digit of 6988396320?
9
What is the hundreds digit of 15160185?
1
What is the hundred thousands digit of 50465763?
4
What is the thousands digit of 22569883?
9
What is the ten thousands digit of 1169460743?
6
What is the units digit of 553699093?
3
What is the ten thousands digit of 24729925?
2
What is the tens digit of 118361805?
0
What is the millions digit of 99972234?
9
What is the hundreds digit of 979071952?
9
What is the millions digit of 2969028251?
9
What is the thousands digit of 1264614497?
4
What is the hundred thousands digit of 219275105?
2
What is the thousands digit of 2704417557?
7
What is the hundreds digit of 229531511?
5
What is the thousands digit of 646242867?
2
What is the thousands digit of 4166292?
6
What is the thousands digit of 190837292?
7
What is the millions digit of 9572782?
9
What is the thousands digit of 18674584?
4
What is the millions digit of 2317672555?
7
What is the ten millions digit of 534307358?
3
What is the hundreds digit of 313917940?
9
What is the units digit of 293509223?
3
What is the units digit of 598479?
9
What is the ten thousands digit of 54133203?
3
What is the ten thousands digit of 90619008?
1
What is the units digit of 34237134?
4
What is the hundred thousands digit of 19608912?
6
What is the ten millions digit of 53556219?
5
What is the hundred thousands digit of 1401378073?
3
What is the thousands digit of 339724114?
4
What is the ten thousands digit of 63760733?
6
What is the tens digit of 83167863?
6
What is the hundred thousands digit of 130533789?
5
What is the millions digit of 3944813018?
4
What is the hundreds digit of 3866632005?
0
What is the thousands digit of 675965729?
5
What is the billions digit of 1190820809?
1
What is the tens digit of 29577637?
3
What is the units digit of 762123945?
5
What is the thousands digit of 58458137?
8
What is the units digit of 1292067832?
2
What is the ten thousands digit of 3151997218?
9
What is the millions digit of 3737500614?
7
What is the hundreds digit of 22509613?
6
What is the hundreds digit of 628529958?
9
What is the units digit of 300971225?
5
What is the hundreds digit of 449743099?
0
What is the hundred thousands digit of 1829580417?
5
What is the ten millions digit of 487143847?
8
What is the millions digit of 136000282?
6
What is the hundred millions digit of 3814370408?
8
What is the ten thousands digit of 69470769?
7
What is the hundred millions digit of 440259195?
4
What is the thousands digit of 262220917?
0
What is the millions digit of 12942622?
2
What is the thousands digit of 1524360491?
0
What is the hundred thousands digit of 55896429?
8
What is the ten thousands digit of 187349389?
4
What is the millions digit of 2001337605?
1
What is the tens digit of 707772769?
6
What is the hundred thousands digit of 70103029?
1
What is the hundred thousands digit of 408362207?
3
What is the thousands digit of 744677139?
7
What is the ten thousands digit of 1078626999?
2
What is the ten millions digit of 33691759?
3
What is the millions digit of 36926624?
6
What is the units digit of 385291?
1
What is the hundred millions digit of 797429084?
7
What is the units digit of 1964696975?
5
What is the units digit of 2379197790?
0
What is the thousands digit of 2075412437?
2
What is the millions digit of 87190138?
7
What is the thousands digit of 498136550?
6
What is the thousands digit of 1357665915?
5
What is the hundred millions digit of 2984536901?
9
What is the ten millions digit of 24228771?
2
What is the thousands digit of 15435351?
5
What is the billions digit of 1181258155?
1
What is the tens digit of 469173649?
4
What is the units digit of 10078939?
9
What is the tens digit of 193055003?
0
What is the thousands digit of 92234701?
4
What is the units digit of 1258719579?
9
What is the units digit of 240353144?
4
What is the ten thousands digit of 36900002?
0
What is the hundred thousands digit of 820611411?
6
What is the ten millions digit of 4178802724?
7
What is the hundred millions digit of 336697815?
3
What is the units digit of 85040586?
6
What is the thousands digit of 17160797?
0
What is the tens digit of 33338805?
0
What is the hundreds digit of 87186190?
1
What is the hundred thousands digit of 89421712?
4
What is the hundred thousands digit of 28233438?
2
What is the ten millions digit of 1866163982?
6
What is the thousands digit of 1165360?
5
What is the hundred millions digit of 1165174938?
1
What is the tens digit of 135618533?
3
What is the ten millions digit of 20519930?
2
What is the millions digit of 836545411?
6
What is the hundred millions digit of 1367177720?
3
What is the ten thousands digit of 564793585?
9
What is the hundred thousands digit of 111001930?
0
What is the hundred thousands digit of 6156492651?
4
What is the thousands digit of 4135521?
5
What is the millions digit of 2198384739?
8
What is the units digit of 112279972?
2
What is the hundreds digit of 347714308?
3
What is the ten millions digit of 4109799429?
0
What is the millions digit of 21872029?
1
What is the units digit of 102502772?
2
What is the ten millions digit of 62927937?
6
What is the thousands digit of 70025400?
5
What is the ten thousands digit of 524818880?
1
What is the units digit of 7655684654?
4
What is the units digit of 4202290710?
0
What is the thousands digit of 83479284?
9
What is the tens digit of 1044977546?
4
What is the tens digit of 127954685?
8
What is the ten thousands digit of 598775834?
7
What is the hundred millions digit of 4432403623?
4
What is the thousands digit of 51210818?
0
What is the ten thousands digit of 2115939?
1
What is the ten millions digit of 72372910?
7
What is the ten thousands digit of 747897313?
9
What is the thousands digit of 61938191?
8
What is the millions digit of 6901790532?
1
What is the hundreds digit of 69392390?
3
What is the ten thousands digit of 70859677?
5
What is the tens digit of 1490462760?
6
What is the hundred thousands digit of 5963573961?
5
What is the hundred millions digit of 1298776315?
2
What is the hundred thousan